3 + -24302?
-22224
In base 14, what is -1ba101 + 0?
-1ba101
In base 8, what is -101 - 7316?
-7417
In base 2, what is 100000000101 + 101001?
100000101110
In base 14, what is -c8712 - 4?
-c8716
In base 4, what is -312 + -21023?
-22001
In base 13, what is c570 + -5?
c568
In base 5, what is -24304 + -1110?
-30414
In base 14, what is -4 - -6bd?
6b9
In base 10, what is -21 + 13533?
13512
In base 16, what is 5853f - -3?
58542
In base 3, what is -1011200201 + -2?
-1011200210
In base 6, what is -5 - 205242?
-205251
In base 15, what is 2142 - -15?
2157
In base 6, what is -1520111 - 3?
-1520114
In base 11, what is 8857 - -6?
8862
In base 5, what is 24422311 - -2?
24422313
In base 5, what is -243124 - 2?
-243131
In base 6, what is 335111 - -425?
335540
In base 11, what is 68038 - 4?
68034
In base 2, what is -1011011101 - -1011110110?
11001
In base 11, what is -16988 + 3?
-16985
In base 7, what is -2 + 155222?
155220
In base 6, what is 1053224 - -3?
1053231
In base 4, what is 132 + 1021131?
1021323
In base 6, what is -4350 - -52?
-4254
In base 11, what is 5 - -21682?
21687
In base 3, what is -1211101201 + -2?
-1211101210
In base 4, what is -111013032 - 11?
-111013103
In base 14, what is db + 26?
123
In base 14, what is 12bd5 + 2?
12bd7
In base 8, what is 4 - 657115?
-657111
In base 3, what is -110202201002 - 2?
-110202201011
In base 15, what is 4586b + -4?
45867
In base 10, what is -78 - 302?
-380
In base 13, what is -50 - -1a26?
19a6
In base 16, what is -20 - -234?
214
In base 8, what is 14 - 624771?
-624755
In base 15, what is 717 + -409?
30d
In base 11, what is 741 + 84?
815
In base 7, what is -311125 - -1?
-311124
In base 3, what is 2 - 2112101120?
-2112101111
In base 3, what is 200220220121 - 10?
200220220111
In base 13, what is -b5b - -62?
-ac9
In base 16, what is -48 - ff5?
-103d
In base 3, what is -122012211001 + 120?
-122012210111
In base 16, what is -23 - -1a7?
184
In base 7, what is 153 + 3026?
3212
In base 8, what is -1 - -16053?
16052
In base 3, what is -12 - 210202011101?
-210202011120
In base 16, what is -1a + -664?
-67e
In base 12, what is -3 - -1ba138?
1ba135
In base 14, what is -2 + 17add8?
17add6
In base 8, what is -3061 - 10?
-3071
In base 16, what is 24 - 46?
-22
In base 2, what is 100001111000110100001 + 100?
100001111000110100101
In base 3, what is 1122211010 + 0?
1122211010
In base 14, what is -5 - -62a9?
62a4
In base 11, what is -14326 + 2?
-14324
In base 4, what is 102300 + 112311?
221211
In base 11, what is 138 + 95?
222
In base 5, what is 2244403 + 10?
2244413
In base 11, what is -5105 - -19?
-5097
In base 16, what is 33f - 5?
33a
In base 8, what is -13 - 302532?
-302545
In base 14, what is 172d32 + 3?
172d35
In base 9, what is -71 - -60?
-11
In base 2, what is -10 - 10010101011000?
-10010101011010
In base 11, what is -296 + -108?
-3a3
In base 14, what is -1a020 - 3?
-1a023
In base 3, what is 100111 + -2212?
20122
In base 10, what is -578 - -2148?
1570
In base 15, what is -1 + 1bd86?
1bd85
In base 6, what is 2 - -4451?
4453
In base 4, what is 23 - -122213?
122302
In base 14, what is 72dd - -7?
7306
In base 11, what is 168 + 18a?
347
In base 8, what is -2111 - 133?
-2244
In base 6, what is 224 + -20404?
-20140
In base 13, what is -52b - 10a?
-638
In base 13, what is -8242 + -65?
-82a7
In base 10, what is -154496 - 4?
-154500
In base 4, what is 1 - -10131120132?
10131120133
In base 11, what is -13828 + 4?
-13824
In base 16, what is 9 + -114a?
-1141
In base 2, what is -110001101 + -11011011000?
-100001100101
In base 2, what is -11001111101 + -1100?
-11010001001
In base 15, what is -286153 - -1?
-286152
In base 5, what is 10 + -13013440?
-13013430
In base 13, what is -520 + 343?
-1aa
In base 11, what is -1a39 - 42a?
-2368
In base 3, what is 121001 + 110221?
1001222
In base 2, what is -1000 + 10010101001110100?
10010101001101100
In base 15, what is -671 + 2?
-66e
In base 7, what is -5 - -52166?
52161
In base 15, what is 1a8 - -2db9?
3072
In base 9, what is 3387 - 137?
3250
In base 16, what is -3b9511 + 0?
-3b9511
In base 9, what is 15244 - -7?
15252
In base 11, what is 26a - -13012?
13281
In base 4, what is 302300111 + -30?
302300021
In base 12, what is -5 - 526?
-52b
In base 7, what is -12 - -533454?
533442
In base 7, what is -222 - -4044?
3522
In base 15, what is -1970 - -5?
-196a
In base 5, what is -43300 + 30?
-43220
In base 12, what is 4 + -66111?
-66109
In base 14, what is 0 + -51ab?
-51ab
In base 12, what is -21266 + -2?
-21268
In base 7, what is 3 + 116530?
116533
In base 13, what is 558 + -3b?
51a
In base 6, what is -25532 + -52?
-30024
In base 14, what is 1 + 2991?
2992
In base 7, what is 10 + -26665?
-26655
In base 16, what is 1f4e - -1?
1f4f
In base 9, what is -36814 - 5?
-36820
In base 7, what is 2114 + 1554?
4001
In base 10, what is -2787 - -77?
-2710
In base 5, what is 401213 + -10?
401203
In base 2, what is -100110011100010 + -1?
-100110011100011
In base 15, what is -203 - -5a5?
3a2
In base 2, what is 10 + -11110100111010?
-11110100111000
In base 13, what is -2cb - -ba?
-211
In base 6, what is 12 + -33345?
-33333
In base 4, what is -30310 + 21?
-30223
In base 9, what is 5 + 1064?
1070
In base 7, what is -3 + 126041?
126035
In base 8, what is -1655 + 3735?
2060
In base 5, what is 11143 + -24103?
-12410
In base 5, what is 104002211 + 0?
104002211
In base 13, what is -2 + 655b?
6559
In base 14, what is 3a9596 + -5?
3a9591
In base 15, what is -495a + 4?
-4956
In base 9, what is -4 - -24331?
24326
In base 2, what is -111 - 11001100011?
-11001101010
In base 5, what is 120 - 1042?
-422
In base 5, what is 20114244 + -24?
20114220
In base 6, what is 0 + 2053523?
2053523
In base 16, what is -1640 - -294?
-13ac
In base 5, what is 21 - -402?
423
In base 4, what is -1300102020 - -2?
-1300102012
In base 9, what is -23456425 - -1?
-23456424
In base 5, what is 21140 - -44202?
120342
In base 14, what is -40 + 1583?
1543
In base 4, what is -10102300002 + 1?
-10102300001
In base 5, what is -2 - 1104230?
-1104232
In base 8, what is 31 + 3153?
3204
In base 16, what is 11b2 - 8?
11aa
In base 13, what is 491 - -b7a?
133b
In base 3, what is 220120002222 + 10?
220120010002
In base 16, what is -2a + 2767?
273d
In base 5, what is 340 - -2142?
3032
In base 5, what is -1002402 + -2?
-1002404
In base 5, what is -102 - -343011?
342404
In base 2, what is 1011111001011110 - -10001111?
1011111011101101
In base 4, what is -3032 + -130?
-3222
In base 2, what is 11 + -11001010110011000010?
-11001010110010111111
In base 12, what is b68 + -1b42?
-b96
In base 7, what is 12613 + -12?
12601
In base 16, what is -5 + 10527?
10522
In base 14, what is -4 + 14b13?
14b0d
In base 15, what is 1341 - 1e?
1322
In base 11, what is 478a + -1?
4789
In base 3, what is -10200 - 112000?
-122200
In base 10, what is 1 + 114639?
114640
In base 7, what is 31 + -11656?
-11625
In base 9, what is 1 + -6141?
-6140
In base 6, what is -2 - 55305?
-55311
In base 9, what is 15 + 667?
683
In base 14, what is -4c254 - 0?
-4c254
In base 10, what is 32 - -3298?
3330
In base 10, what is -7 + 685?
678
In base 15, what is 69 + 2?
6b
In base 10, what is 0 + -2035?
-2035
In base 3, what is 100111220 - 102002?
100002211
In base 3, what is -1121 + 210110020?
210101122
In base 8, what is 20174 + -120?
20054
In base 13, what is -24a6 + 2?
-24a4
In base 14, what is -6 + -81861?
-81867
In base 2, what is -101001111100 - 10111?
-101010010011
In base 2, what is 111011 + -110?
110101
In base 16, what is 112e44 - -2?
112e46
In base 13, what is -42ca9c + -5?
-42caa4
In base 12, what is b377 - 2?
b375
In base 13, what is -10 + -cc9?
-1009
In base 16, what is 5 - -364d6?
364db
In base 6, what is -104 + -1234023?
-1234131
In base 9, what is 7677 - -1?
7678
In base 15, what is 141e8 - -3?
141eb
In base 11, what is -318 - -310?
-8
In base 5, what is -1124022 + -4?
-1124031
In base 10, what is -240814 + 8?
-240806
In base 5, what is -14103 - -1220?
-12333
In base 16, what is -4 - -1be51?
1be4d
In base 7, what is 153645 - -30?
154005
In base 16, what is 28045 - -2?
28047
In base 8, what is -1116707 + 23?
-1116664
In base 3, what is -1200121 - 1001120?
-2202011
In base 11, what is -4816 - -6?
-4810
In base 10, what is -11 - -223977?
223966
In base 11, what is 1 - -13335?
13336
In base 12, what is 17 + -6b2?
-